{"id":6714,"date":"2024-02-03T22:07:16","date_gmt":"2024-02-03T19:07:16","guid":{"rendered":"https:\/\/lavenderblush-sheep-125930.hostingersite.com\/?post_type=product&#038;p=6714"},"modified":"2026-01-18T21:18:24","modified_gmt":"2026-01-18T18:18:24","slug":"kalp-kutulu-22-cm-pelus-ayicik-4","status":"publish","type":"product","link":"https:\/\/toptanhediyekutu.com\/?product=kalp-kutulu-22-cm-pelus-ayicik-4","title":{"rendered":"\u00c7ikolata Kutu Ebat:29\/21\/5.6 cm"},"content":{"rendered":"<p class=\"p1\"><span class=\"s1\"><b>\u00c7ikolata Kutu Ebat:29\/21\/5.6 cm<\/b><\/span><\/p>\n<p class=\"p1\"><span class=\"s1\"><b>30 Adet Ve \u00dczeri Al\u0131mlar \u0130\u00e7in Toptan Fiyattan Biraz Daha \u0130ndirim Yap\u0131l\u0131r <\/b><\/span><\/p>\n<p class=\"p1\"><span class=\"s1\"><b>Fatih Kayadan B\u0131lg\u0131 Alabilirsiniz At\u00f6lye 0 212 531 70 58 <\/b><\/span><\/p>\n<p class=\"p1\"><span class=\"s1\"><b>50 Adet Ve \u00dczer\u0131 Al\u0131mlarda Logo Bask\u0131l\u0131 \u00dcretim Yap\u0131l\u0131r <\/b><\/span><\/p>\n<p class=\"p1\"><span class=\"s1\"><b>Not Bize Yak\u0131nsan\u0131z Sipari\u015flerinizi D\u00fckkan\u0131m\u0131zdan Tesl\u0131m Alabilirsiniz <\/b><\/span><\/p>\n<p class=\"p1\"><span class=\"s1\"><b>Yada Aras Kargo \u0130le Anlasmal\u0131y\u0131z Adresinize Kargo \u0130le G\u00f6nderilir <\/b><\/span><\/p>\n<p>&nbsp;<\/p>\n","protected":false},"excerpt":{"rendered":"<p>&nbsp;<\/p>\n<p>https:\/\/youtube.com\/shorts\/Fnz2ViUltwY?si=pWTOs29__XfnoF8N<\/p>\n<p>&nbsp;<\/p>\n<p>&nbsp;<\/p>\n<p class=\"p1\"><span class=\"s1\"><b>\u00c7ikolata Kutu Ebat:29\/21\/5.6 cm<\/b><\/span><\/p>\n<p class=\"p1\"><span class=\"s1\"><b>30 Adet Ve \u00dczeri Al\u0131mlar \u0130\u00e7in Toptan Fiyattan Biraz Daha \u0130ndirim Yap\u0131l\u0131r <\/b><\/span><\/p>\n<p class=\"p1\"><span class=\"s1\"><b>Fatih Kayadan B\u0131lg\u0131 Alabilirsiniz At\u00f6lye 0 212 531 70 58 <\/b><\/span><\/p>\n<p class=\"p1\"><span class=\"s1\"><b>50 Adet Ve \u00dczer\u0131 Al\u0131mlarda Logo Bask\u0131l\u0131 \u00dcretim Yap\u0131l\u0131r <\/b><\/span><\/p>\n<p class=\"p1\"><span class=\"s1\"><b>Not Bize Yak\u0131nsan\u0131z Sipari\u015flerinizi D\u00fckkan\u0131m\u0131zdan Tesl\u0131m Alabilirsiniz <\/b><\/span><\/p>\n<p class=\"p1\"><span class=\"s1\"><b>Yada Aras Kargo \u0130le Anlasmal\u0131y\u0131z Adresinize Kargo \u0130le G\u00f6nderilir <\/b><\/span><\/p>\n","protected":false},"featured_media":31323,"template":"","meta":{"_joinchat":[]},"product_brand":[],"product_cat":[1395,1517],"product_tag":[1757,402],"class_list":{"0":"post-6714","1":"product","2":"type-product","3":"status-publish","4":"has-post-thumbnail","6":"product_cat-cikolata-hediye-kutulari","7":"product_cat-kutu-atolyeniz","8":"product_tag-fiyonkllu-cikolata-kutusu","9":"product_tag-toptan-cikolata-kutusu","11":"first","12":"instock","13":"taxable","14":"shipping-taxable","15":"product-type-simple"},"_links":{"self":[{"href":"https:\/\/toptanhediyekutu.com\/index.php?rest_route=\/wp\/v2\/product\/6714","targetHints":{"allow":["GET"]}}],"collection":[{"href":"https:\/\/toptanhediyekutu.com\/index.php?rest_route=\/wp\/v2\/product"}],"about":[{"href":"https:\/\/toptanhediyekutu.com\/index.php?rest_route=\/wp\/v2\/types\/product"}],"version-history":[{"count":3,"href":"https:\/\/toptanhediyekutu.com\/index.php?rest_route=\/wp\/v2\/product\/6714\/revisions"}],"predecessor-version":[{"id":31324,"href":"https:\/\/toptanhediyekutu.com\/index.php?rest_route=\/wp\/v2\/product\/6714\/revisions\/31324"}],"wp:featuredmedia":[{"embeddable":true,"href":"https:\/\/toptanhediyekutu.com\/index.php?rest_route=\/wp\/v2\/media\/31323"}],"wp:attachment":[{"href":"https:\/\/toptanhediyekutu.com\/index.php?rest_route=%2Fwp%2Fv2%2Fmedia&parent=6714"}],"wp:term":[{"taxonomy":"product_brand","embeddable":true,"href":"https:\/\/toptanhediyekutu.com\/index.php?rest_route=%2Fwp%2Fv2%2Fproduct_brand&post=6714"},{"taxonomy":"product_cat","embeddable":true,"href":"https:\/\/toptanhediyekutu.com\/index.php?rest_route=%2Fwp%2Fv2%2Fproduct_cat&post=6714"},{"taxonomy":"product_tag","embeddable":true,"href":"https:\/\/toptanhediyekutu.com\/index.php?rest_route=%2Fwp%2Fv2%2Fproduct_tag&post=6714"}],"curies":[{"name":"wp","href":"https:\/\/api.w.org\/{rel}","templated":true}]}}