{"id":5627,"date":"2023-11-19T23:57:52","date_gmt":"2023-11-19T20:57:52","guid":{"rendered":"https:\/\/lavenderblush-sheep-125930.hostingersite.com\/?post_type=product&#038;p=5627"},"modified":"2024-11-21T20:02:42","modified_gmt":"2024-11-21T17:02:42","slug":"kurdelali-hediye-kutusu-ebat-22-16-9-cm","status":"publish","type":"product","link":"https:\/\/toptanhediyekutu.com\/?product=kurdelali-hediye-kutusu-ebat-22-16-9-cm","title":{"rendered":"Hediye Kutusu Ebat :22\/16\/9 cm"},"content":{"rendered":"<p>Kurdelal\u0131 Hediye Kutu Ebat : 25\/18\/10 cm<\/p>\n<p class=\"p1\"><strong><span class=\"s1\">Bu \u00dcr\u00fcn 150 Adet Ve \u00dczeri \u015eipari\u015flerinizde Size \u00d6zel \u00dcretilir <\/span><\/strong><\/p>\n<p class=\"p1\"><strong><span class=\"s1\">150 Adet Ve \u00dczeri \u00dcretimler \u0130\u00e7in Fiyat Talep EDEB\u0130L\u0130RS\u0130N\u0130Z<\/span><\/strong><\/p>\n<p>&nbsp;<\/p>\n<p>&nbsp;<\/p>\n<p class=\"p1\"><strong><span class=\"s1\">Hediye Kutu At\u00f6lyeniz Farkl\u0131 Projelerinizde \u00dcr\u00fcnlerinizin Sunumununa Deger \u00dcst\u00fcne Deger Katman\u0131z\u0131 Saglayabilir<\/span><\/strong><\/p>\n<p class=\"p1\"><strong><span class=\"s1\">Elbette Size \u00d6zel Hediye Projelerinize Sizin Belirlediginiz Ebatlarda Sizin \u0130stediginiz Renklerde Hediye Kutusu \u00dcRETEL\u0130M M\u0130<\/span><\/strong><\/p>\n<p class=\"p1\"><strong><span class=\"s1\">Elbette 150 Adet Ve \u00dczeri Al\u0131mlarda Logo Bask\u0131l\u0131 \u00fcretim yap\u0131lmaktad\u0131r<\/span><\/strong><\/p>\n<p class=\"p1\"><strong><span class=\"s1\">vE\u00a0Bask\u0131l\u0131 Fiyat Fatih Kayadan \u00d6grenebilirsiniz <\/span><\/strong><\/p>\n<p class=\"p1\"><strong><span class=\"s1\">Bu \u00dcR\u00dcN\u00dcM\u00dcZDEN 100 ADET VE \u00dcZER\u0130 ALINACAK \u0130SE Fatih Kaydan<span class=\"Apple-converted-space\">\u00a0 <\/span>\u0130ND\u0130R\u0130ML\u0130 F\u0130YAT TALEP ETMELISINIZ<\/span><\/strong><\/p>\n","protected":false},"excerpt":{"rendered":"<p>https:\/\/youtube.com\/shorts\/oruTbckt_08?si=OVjDO-QWUP19ScE8<\/p>\n","protected":false},"featured_media":5634,"template":"","meta":{"_joinchat":[]},"product_brand":[],"product_cat":[594],"product_tag":[81,1511,1510,500,368,98,1509],"class_list":{"0":"post-5627","1":"product","2":"type-product","3":"status-publish","4":"has-post-thumbnail","6":"product_cat-dikdortgen-hediye-kutulari","7":"product_tag-bos-hediye-kutusu","8":"product_tag-bos-hediye-kutusu-buyuk","9":"product_tag-bos-hediye-kutusu-fiyatlari","10":"product_tag-bos-hediye-kutusu-nereden-alinir","11":"product_tag-bos-hediye-kutusu-toptan","12":"product_tag-hediye-kutusu-bos","13":"product_tag-ici-bos-hediye-kutusu","15":"first","16":"outofstock","17":"taxable","18":"shipping-taxable","19":"product-type-simple"},"_links":{"self":[{"href":"https:\/\/toptanhediyekutu.com\/index.php?rest_route=\/wp\/v2\/product\/5627","targetHints":{"allow":["GET"]}}],"collection":[{"href":"https:\/\/toptanhediyekutu.com\/index.php?rest_route=\/wp\/v2\/product"}],"about":[{"href":"https:\/\/toptanhediyekutu.com\/index.php?rest_route=\/wp\/v2\/types\/product"}],"version-history":[{"count":6,"href":"https:\/\/toptanhediyekutu.com\/index.php?rest_route=\/wp\/v2\/product\/5627\/revisions"}],"predecessor-version":[{"id":6440,"href":"https:\/\/toptanhediyekutu.com\/index.php?rest_route=\/wp\/v2\/product\/5627\/revisions\/6440"}],"wp:featuredmedia":[{"embeddable":true,"href":"https:\/\/toptanhediyekutu.com\/index.php?rest_route=\/wp\/v2\/media\/5634"}],"wp:attachment":[{"href":"https:\/\/toptanhediyekutu.com\/index.php?rest_route=%2Fwp%2Fv2%2Fmedia&parent=5627"}],"wp:term":[{"taxonomy":"product_brand","embeddable":true,"href":"https:\/\/toptanhediyekutu.com\/index.php?rest_route=%2Fwp%2Fv2%2Fproduct_brand&post=5627"},{"taxonomy":"product_cat","embeddable":true,"href":"https:\/\/toptanhediyekutu.com\/index.php?rest_route=%2Fwp%2Fv2%2Fproduct_cat&post=5627"},{"taxonomy":"product_tag","embeddable":true,"href":"https:\/\/toptanhediyekutu.com\/index.php?rest_route=%2Fwp%2Fv2%2Fproduct_tag&post=5627"}],"curies":[{"name":"wp","href":"https:\/\/api.w.org\/{rel}","templated":true}]}}