{"id":5319,"date":"2023-11-18T20:26:30","date_gmt":"2023-11-18T17:26:30","guid":{"rendered":"https:\/\/lavenderblush-sheep-125930.hostingersite.com\/?post_type=product&#038;p=5319"},"modified":"2026-01-28T20:58:15","modified_gmt":"2026-01-28T17:58:15","slug":"buyuk-boy-kalpli-hediye-kutu-ebat28-22-11-cm-6","status":"publish","type":"product","link":"https:\/\/toptanhediyekutu.com\/?product=buyuk-boy-kalpli-hediye-kutu-ebat28-22-11-cm-6","title":{"rendered":"Tek Boy Kalpli Hediye Kutu Ebat:28\/22\/11 cm"},"content":{"rendered":"<p class=\"p2\"><span class=\"s1\">B\u00fcy\u00fck Boy Kalpli Hediye Kutu Ebat:28\/22\/11 cm<\/span><\/p>\n<p class=\"p2\"><span class=\"s1\">B\u00fcy\u00fck Boy Kalpli Hediye Kutu Bo\u015f Ag\u0131rl\u0131k : 315 gr<\/span><\/p>\n","protected":false},"excerpt":{"rendered":"<p>https:\/\/youtube.com\/shorts\/B_arnKZevgc?si=xlkqgrxaARpaWf2N<\/p>\n","protected":false},"featured_media":5304,"template":"","meta":{"_joinchat":[]},"product_brand":[],"product_cat":[1392],"product_tag":[74,79,99,408,547,550],"class_list":{"0":"post-5319","1":"product","2":"type-product","3":"status-publish","4":"has-post-thumbnail","6":"product_cat-kalpli-hediye-kutu","7":"product_tag-toptan-hediye","8":"product_tag-toptan-hediyelik-esya","9":"product_tag-toptan-kutu","10":"product_tag-toptan-kutu-cesitleri","11":"product_tag-toptan-kutu-modelleri","12":"product_tag-toptan-tasarim-3lu-hediye-kutusu","14":"first","15":"outofstock","16":"taxable","17":"shipping-taxable","18":"product-type-simple"},"_links":{"self":[{"href":"https:\/\/toptanhediyekutu.com\/index.php?rest_route=\/wp\/v2\/product\/5319","targetHints":{"allow":["GET"]}}],"collection":[{"href":"https:\/\/toptanhediyekutu.com\/index.php?rest_route=\/wp\/v2\/product"}],"about":[{"href":"https:\/\/toptanhediyekutu.com\/index.php?rest_route=\/wp\/v2\/types\/product"}],"version-history":[{"count":2,"href":"https:\/\/toptanhediyekutu.com\/index.php?rest_route=\/wp\/v2\/product\/5319\/revisions"}],"predecessor-version":[{"id":6154,"href":"https:\/\/toptanhediyekutu.com\/index.php?rest_route=\/wp\/v2\/product\/5319\/revisions\/6154"}],"wp:featuredmedia":[{"embeddable":true,"href":"https:\/\/toptanhediyekutu.com\/index.php?rest_route=\/wp\/v2\/media\/5304"}],"wp:attachment":[{"href":"https:\/\/toptanhediyekutu.com\/index.php?rest_route=%2Fwp%2Fv2%2Fmedia&parent=5319"}],"wp:term":[{"taxonomy":"product_brand","embeddable":true,"href":"https:\/\/toptanhediyekutu.com\/index.php?rest_route=%2Fwp%2Fv2%2Fproduct_brand&post=5319"},{"taxonomy":"product_cat","embeddable":true,"href":"https:\/\/toptanhediyekutu.com\/index.php?rest_route=%2Fwp%2Fv2%2Fproduct_cat&post=5319"},{"taxonomy":"product_tag","embeddable":true,"href":"https:\/\/toptanhediyekutu.com\/index.php?rest_route=%2Fwp%2Fv2%2Fproduct_tag&post=5319"}],"curies":[{"name":"wp","href":"https:\/\/api.w.org\/{rel}","templated":true}]}}