{"id":5078,"date":"2023-06-12T18:43:11","date_gmt":"2023-06-12T15:43:11","guid":{"rendered":"https:\/\/lavenderblush-sheep-125930.hostingersite.com\/?post_type=product&#038;p=5078"},"modified":"2026-03-15T18:22:11","modified_gmt":"2026-03-15T15:22:11","slug":"silindir-hediye-kutu-cap-28-cm-derinlik-21-cm-4","status":"publish","type":"product","link":"https:\/\/toptanhediyekutu.com\/?product=silindir-hediye-kutu-cap-28-cm-derinlik-21-cm-4","title":{"rendered":"Silindir Hediye Kutu \u00c7ap 28 cm Derinlik 21 cm"},"content":{"rendered":"<p>&nbsp;<\/p>\n<p class=\"p1\"><span class=\"s1\">Silindir Hediye Kutu \u00c7ap 28 cm Derinlik 21 cm<\/span><\/p>\n<p class=\"p1\"><span class=\"s1\">Silindir Hediye Kutu<span class=\"Apple-converted-space\">\u00a0 <\/span>Bo\u015f Ag\u0131rl\u0131k : 490 GR<\/span><\/p>\n<p>&nbsp;<\/p>\n<p class=\"p1\"><span class=\"s1\">50 Adet Ve \u00dczeri Al\u0131mlarda <\/span><\/p>\n<p class=\"p1\"><span class=\"s1\">Magza 0 212 531 70 58 <\/span><\/p>\n<p class=\"p1\"><span class=\"s1\">Toptan Fiyat \u0130steml\u0131s\u0131n\u0131z <\/span><\/p>\n","protected":false},"excerpt":{"rendered":"<p>https:\/\/youtube.com\/shorts\/ek8AErYXTMA?feature=share<\/p>\n","protected":false},"featured_media":5071,"template":"","meta":{"_joinchat":[]},"product_brand":[],"product_cat":[1397,595],"product_tag":[1403,1402,1398,1400,1401,1411,1404,1399],"class_list":{"0":"post-5078","1":"product","2":"type-product","3":"status-publish","4":"has-post-thumbnail","6":"product_cat-cicek-kutusu","7":"product_cat-silindir-hediye-kutulari","8":"product_tag-baskili-silindir-kutu","9":"product_tag-metal-silindir-kutu","10":"product_tag-silindir-hediye-kutusu-toptan","11":"product_tag-silindir-hediye-kutusu-yapimi","12":"product_tag-silindir-karton-kutu","13":"product_tag-silindir-karton-kutu-imalati","14":"product_tag-silindir-kutu-fiyatlari","15":"product_tag-silindir-kutu-toptan","17":"first","18":"outofstock","19":"taxable","20":"shipping-taxable","21":"product-type-simple"},"_links":{"self":[{"href":"https:\/\/toptanhediyekutu.com\/index.php?rest_route=\/wp\/v2\/product\/5078","targetHints":{"allow":["GET"]}}],"collection":[{"href":"https:\/\/toptanhediyekutu.com\/index.php?rest_route=\/wp\/v2\/product"}],"about":[{"href":"https:\/\/toptanhediyekutu.com\/index.php?rest_route=\/wp\/v2\/types\/product"}],"version-history":[{"count":3,"href":"https:\/\/toptanhediyekutu.com\/index.php?rest_route=\/wp\/v2\/product\/5078\/revisions"}],"predecessor-version":[{"id":33730,"href":"https:\/\/toptanhediyekutu.com\/index.php?rest_route=\/wp\/v2\/product\/5078\/revisions\/33730"}],"wp:featuredmedia":[{"embeddable":true,"href":"https:\/\/toptanhediyekutu.com\/index.php?rest_route=\/wp\/v2\/media\/5071"}],"wp:attachment":[{"href":"https:\/\/toptanhediyekutu.com\/index.php?rest_route=%2Fwp%2Fv2%2Fmedia&parent=5078"}],"wp:term":[{"taxonomy":"product_brand","embeddable":true,"href":"https:\/\/toptanhediyekutu.com\/index.php?rest_route=%2Fwp%2Fv2%2Fproduct_brand&post=5078"},{"taxonomy":"product_cat","embeddable":true,"href":"https:\/\/toptanhediyekutu.com\/index.php?rest_route=%2Fwp%2Fv2%2Fproduct_cat&post=5078"},{"taxonomy":"product_tag","embeddable":true,"href":"https:\/\/toptanhediyekutu.com\/index.php?rest_route=%2Fwp%2Fv2%2Fproduct_tag&post=5078"}],"curies":[{"name":"wp","href":"https:\/\/api.w.org\/{rel}","templated":true}]}}