{"id":4814,"date":"2023-04-06T23:37:23","date_gmt":"2023-04-06T20:37:23","guid":{"rendered":"https:\/\/lavenderblush-sheep-125930.hostingersite.com\/?post_type=product&#038;p=4814"},"modified":"2024-01-10T22:47:19","modified_gmt":"2024-01-10T19:47:19","slug":"hediye-kutusu-35-35-10-cm-4","status":"publish","type":"product","link":"https:\/\/toptanhediyekutu.com\/?product=hediye-kutusu-35-35-10-cm-4","title":{"rendered":"Hediye Kutusu Ebat:35\/35\/10 cm"},"content":{"rendered":"<p>Hediye Kutusu 35\/35\/10 cm<\/p>\n<p class=\"p1\"><span class=\"s1\">Hediyelerinizi Yada \u00dcr\u00fcnlerinizin <\/span><\/p>\n<p class=\"p1\"><span class=\"s1\">Sunumunlar\u0131na<span class=\"Apple-converted-space\">\u00a0 <\/span>Deger \u00dcst\u00fcne Deger Katman\u0131z\u0131 Saglayacak Profesyonel Lux Hediye Kutular\u0131<\/span><\/p>\n<p class=\"p1\"><span class=\"s1\">Hediye Kutusu \u0130le Hediyelerinizi<span class=\"Apple-converted-space\">\u00a0 <\/span>\u00d6zelle\u015ftirin G\u00fczelle\u015ftirin<\/span><\/p>\n<p class=\"p1\"><span class=\"s1\">Hediyelerinize G\u00fczellik Katan Hediye Kutular\u0131<\/span><\/p>\n<p class=\"p1\"><span class=\"s1\"> Hediyeleri \u00d6zel Hediye Kutular\u0131ndan Sunmaya Ne Dersiniz<\/span><\/p>\n","protected":false},"excerpt":{"rendered":"<p>Hediye Kutusu 35\/35\/10 cm Hediyelerinizi Yada \u00dcr\u00fcnlerinizin Sunumunlar\u0131na\u00a0 Deger \u00dcst\u00fcne Deger Katman\u0131z\u0131 Saglayacak Profesyonel Lux Hediye Kutular\u0131 Hediye Kutusu \u0130le Hediyelerinizi\u00a0 \u00d6zelle\u015ftirin G\u00fczelle\u015ftirin Hediyelerinize G\u00fczellik Katan Hediye Kutular\u0131 Hediyeleri \u00d6zel [&hellip;]<\/p>\n","protected":false},"featured_media":4621,"template":"","meta":{"_joinchat":[]},"product_brand":[],"product_cat":[15],"product_tag":[1307,1308,389,1309,1190],"class_list":{"0":"post-4814","1":"product","2":"type-product","3":"status-publish","4":"has-post-thumbnail","6":"product_cat-hediye-kutu","7":"product_tag-erkek-icin-hediyelik-kutulu-set-kisiye-ozel-kartvizitlik-elit-siyah-logolu-kisiye-ozel-not-defteri-dunya-haritasi-tasarimli-3d-led-lamba-isim-yazili-hediye-celik-termos","8":"product_tag-kadinlara-ozel-powerbank-ayna-kalem-seti","9":"product_tag-kurumsal-hediye-fikirleri","10":"product_tag-parlayan-yildiza-kutulu-hediye-seti","11":"product_tag-yaratici-kurumsal-hediyeler","13":"first","14":"instock","15":"taxable","16":"shipping-taxable","17":"product-type-simple"},"_links":{"self":[{"href":"https:\/\/toptanhediyekutu.com\/index.php?rest_route=\/wp\/v2\/product\/4814","targetHints":{"allow":["GET"]}}],"collection":[{"href":"https:\/\/toptanhediyekutu.com\/index.php?rest_route=\/wp\/v2\/product"}],"about":[{"href":"https:\/\/toptanhediyekutu.com\/index.php?rest_route=\/wp\/v2\/types\/product"}],"version-history":[{"count":3,"href":"https:\/\/toptanhediyekutu.com\/index.php?rest_route=\/wp\/v2\/product\/4814\/revisions"}],"predecessor-version":[{"id":6325,"href":"https:\/\/toptanhediyekutu.com\/index.php?rest_route=\/wp\/v2\/product\/4814\/revisions\/6325"}],"wp:featuredmedia":[{"embeddable":true,"href":"https:\/\/toptanhediyekutu.com\/index.php?rest_route=\/wp\/v2\/media\/4621"}],"wp:attachment":[{"href":"https:\/\/toptanhediyekutu.com\/index.php?rest_route=%2Fwp%2Fv2%2Fmedia&parent=4814"}],"wp:term":[{"taxonomy":"product_brand","embeddable":true,"href":"https:\/\/toptanhediyekutu.com\/index.php?rest_route=%2Fwp%2Fv2%2Fproduct_brand&post=4814"},{"taxonomy":"product_cat","embeddable":true,"href":"https:\/\/toptanhediyekutu.com\/index.php?rest_route=%2Fwp%2Fv2%2Fproduct_cat&post=4814"},{"taxonomy":"product_tag","embeddable":true,"href":"https:\/\/toptanhediyekutu.com\/index.php?rest_route=%2Fwp%2Fv2%2Fproduct_tag&post=4814"}],"curies":[{"name":"wp","href":"https:\/\/api.w.org\/{rel}","templated":true}]}}