{"id":4737,"date":"2023-04-04T01:40:45","date_gmt":"2023-04-03T22:40:45","guid":{"rendered":"https:\/\/lavenderblush-sheep-125930.hostingersite.com\/?post_type=product&#038;p=4737"},"modified":"2024-11-21T21:54:05","modified_gmt":"2024-11-21T18:54:05","slug":"hediye-kutusu-ebat-19-19-12-cm","status":"publish","type":"product","link":"https:\/\/toptanhediyekutu.com\/?product=hediye-kutusu-ebat-19-19-12-cm","title":{"rendered":"Hediye Kutusu Ebat:19\/19\/12 cm"},"content":{"rendered":"<p class=\"p1\"><span class=\"s1\">Hediye Kutusu Ebat : 19\/19\/12 cm <\/span><\/p>\n<p class=\"p1\"><span class=\"s1\">Hediye Kutusu Bo\u015e Net Ag\u0131rl\u0131k 280 GR<\/span><\/p>\n<p class=\"p2\"><span class=\"s1\"><b>100 Adet Ve \u00dczeri Al\u0131mlarda <\/b><\/span><\/p>\n<p class=\"p2\"><span class=\"s1\"><b>Fatih Kayadan \u00d6zel Toptan Fiyat \u0130stemel\u0131s\u0131n\u0131z <\/b><\/span><\/p>\n<p class=\"p2\"><span class=\"s1\"><b>150 Adet Ve \u00dczeri Al\u0131mlarda Logo Bask\u0131l\u0131 \u00dcretimimiz Vard\u0131r<\/b><\/span><\/p>\n<p class=\"p1\">\n<p class=\"p2\"><span class=\"s1\"><b>Fatih Kaya Onl\u0131ne Bilgi WhatsApp + 90 536 431 72 02 <\/b><\/span><\/p>\n<p class=\"p2\"><span class=\"s1\"><b>Magza : 0 212 531 79 58 <\/b><\/span><\/p>\n<p class=\"p1\"><span class=\"s1\">\u015eat\u0131\u015f\u0131n\u0131 Yapt\u0131g\u0131n\u0131z Yapmay\u0131 D\u00fcs\u00fcnd\u00fcg\u00fcn\u00fcz \u00dcr\u00fcnleri Daha G\u00fczel Daha Lux Daha Kaliteli \u015eekilde M\u00fc\u015fterilerinize \u00dcr\u00fcnlerinizi<span class=\"Apple-converted-space\">\u00a0 <\/span>Sunmak \u0130stermisiniz<\/span><\/p>\n<p class=\"p1\"><span class=\"s1\">Magzan\u0131za Gelen M\u00fcsterilerinize Farkl\u0131 Renklerde Degi\u015fik Ebatlarda Bo\u015f Hediye Kutusunu<\/span><\/p>\n<p class=\"p1\"><span class=\"s1\">Sunarak Ek Kazan\u00e7 Saglayabilirsiniz<\/span><\/p>\n<p class=\"p1\"><span class=\"s1\">Kullan\u0131lan Malzeme : 1.8 MM L\u00fcx Sert Kal\u0131n Mukavva \u00dczeri Taslama Usul\u00fc \u00dczeri L\u00fcx Fantazi Kag\u0131t S\u0131vama Kaplama )<\/span><\/p>\n<p class=\"p1\"><span class=\"s1\">\u00dcretim A\u015famas\u0131 : Mukavva \u00dczeri Fantazi Lux Kag\u0131t S\u0131vama Usulu \u0130le El \u0130\u015f\u00e7igigi \u0130le \u00dcretilmi\u015ftir<\/span><\/p>\n<p class=\"p1\"><span class=\"s1\">(Tamam\u0131 \u0130le Yerli \u00dcretim : Madde \u0130n T\u00fcrkiye )<\/span><\/p>\n<p class=\"p1\"><span class=\"s1\">Teslimat \u015eekli :<\/span><\/p>\n<p class=\"p1\"><span class=\"s1\">Not 1 : \u00dcretilen \u00d6zel \u015eipari\u015fler \u0130stanbul \u0130\u00e7i Nakl\u0131ye \u0130le Teslim Edilir ( Nakl\u0131ye \u00dc\u00e7reti Al\u0131c\u0131ya Aittir )<\/span><\/p>\n<p class=\"p1\"><span class=\"s1\">Yada<\/span><\/p>\n<p class=\"p1\"><span class=\"s1\">Not 2 : Anlasmal\u0131 Oldugumuz Surat Kargo \u0130le Adresinize Tesl\u0131m Edilir ( Kargo \u00dc\u00e7ret\u0131 Al\u0131c\u0131ya Aittir )<\/span><\/p>\n<p class=\"p1\"><span class=\"s1\">Not 3 : G\u00fcn \u0130\u00e7inde Tesl\u0131m Olmas\u0131 \u0130stenen \u015eipari\u015flerinizi Kurye G\u00f6ndererek D\u00fckkan\u0131m\u0131zdan Ald\u0131rabilirsiniz Kurye \u00dc\u00e7reti Al\u0131c\u0131ya Aittir<\/span><\/p>\n<p class=\"p1\"><span class=\"s1\">Not 4 : 30 Adet Ve Dahada Fazla Al\u0131m Yap\u0131lacak \u0130se Toptan Fiyat Talep Etmelisiniz<\/span><\/p>\n<p class=\"p1\"><span class=\"s1\">\u00dcr\u00fcnlerinizi Dahada G\u00fczel Sunmaya Ne Dersiniz<\/span><\/p>\n<p class=\"p1\"><span class=\"s1\">Hediyelerinize \u00d6zel Hediye Kutular\u0131<\/span><\/p>\n<p class=\"p1\"><span class=\"s1\">Sat\u0131\u015f\u0131n\u0131 Yapt\u0131\u011f\u0131n\u0131z \u00dcr\u00fcnleri L\u00fcx Hediye Kutular\u0131 Sunabilir Sat\u0131\u015flar\u0131n\u0131z\u0131 Art\u0131rabilirsiniz <\/span><\/p>\n<p class=\"p1\"><span class=\"s1\">\u2014\u2014\u2014\u2014\u2014\u2014\u2014\u2014\u2014\u2014\u2014\u2014\u2014-<\/span><\/p>\n<p class=\"p1\"><span class=\"s1\">Online Bilgi <\/span><\/p>\n<p class=\"p1\"><span class=\"s1\">\u2014\u2014\u2014\u2014\u2014\u2014\u2014\u2014\u2014\u2014\u2014\u2014\u2014-<\/span><\/p>\n<p class=\"p1\"><span class=\"s1\">Gsm 0 536 431 72 02 \u2014\u2014\u2014\u2014\u2014\u2014\u2014\u2014\u2014\u2014\u2014\u2014\u2014-<\/span><\/p>\n<p class=\"p1\"><span class=\"s1\">Hediye Kutu At\u00f6lyesi<span class=\"Apple-converted-space\">\u00a0 <\/span>: <\/span><\/p>\n<p class=\"p1\"><span class=\"s1\">Showrom: 0 212 531 70 58 <\/span><\/p>\n<p class=\"p1\"><span class=\"s1\">\u2014\u2014\u2014\u2014\u2014\u2014\u2014\u2014\u2014\u2014\u2014\u2014\u2014-<\/span><\/p>\n<p class=\"p1\"><span class=\"s1\">Gsm<span class=\"Apple-converted-space\">\u00a0 <\/span>0 536 431 72 02 <\/span><\/p>\n<p class=\"p1\"><span class=\"s1\">\u2014\u2014\u2014\u2014\u2014\u2014\u2014\u2014\u2014\u2014\u2014\u2014\u2014-<\/span><\/p>\n<p class=\"p1\"><span class=\"s1\">www.hediyekutu.com<\/span><\/p>\n<p class=\"p1\"><span class=\"s1\">50 Adet \u0130\u00e7in Adet Teklif <\/span><\/p>\n<p class=\"p1\"><span class=\"s1\">\u2014\u2014\u2014\u2014\u2014\u2014\u2014\u2014\u2014\u2014\u2014\u2014\u2014-<\/span><\/p>\n<p class=\"p1\"><span class=\"s1\">100 Adet<span class=\"Apple-converted-space\">\u00a0 <\/span>\u0130\u00e7in Adet Teklif <\/span><\/p>\n<p class=\"p1\"><span class=\"s1\">\u2014\u2014\u2014\u2014\u2014\u2014\u2014\u2014\u2014\u2014\u2014\u2014\u2014-<\/span><\/p>\n<p class=\"p1\"><span class=\"s1\">250 Adet \u0130\u00e7in Adet Teklif <\/span><\/p>\n<p class=\"p1\"><span class=\"s1\">\u2014\u2014\u2014\u2014\u2014\u2014\u2014\u2014\u2014\u2014\u2014\u2014\u2014-<\/span><\/p>\n<p class=\"p1\"><span class=\"s1\">500 Adet<span class=\"Apple-converted-space\">\u00a0 <\/span>\u0130\u00e7in Adet Teklif <\/span><\/p>\n","protected":false},"excerpt":{"rendered":"<p>Hediye Kutusu Ebat : 19\/19\/12 cm Hediye Kutusu Bo\u015e Net Ag\u0131rl\u0131k 280 GR 100 Adet Ve \u00dczeri Al\u0131mlarda Fatih Kayadan \u00d6zel Toptan Fiyat \u0130stemel\u0131s\u0131n\u0131z 150 Adet Ve \u00dczeri Al\u0131mlarda Logo [&hellip;]<\/p>\n","protected":false},"featured_media":4762,"template":"","meta":{"_joinchat":[]},"product_brand":[],"product_cat":[15],"product_tag":[1224,1225,1222,366,374,1223,369],"class_list":{"0":"post-4737","1":"product","2":"type-product","3":"status-publish","4":"has-post-thumbnail","6":"product_cat-hediye-kutu","7":"product_tag-hediye-kutusu-toptan-ankara","8":"product_tag-hediye-kutusu-toptan-istanbul","9":"product_tag-hediyelik-bos-kutu-toptan","10":"product_tag-kraft-hediye-kutusu-toptan","11":"product_tag-toptan-10-lu-hediye-kutusu","12":"product_tag-toptan-hediye-kutusu-ambalaj","13":"product_tag-ucuz-toptan-hediye-kutusu","15":"first","16":"instock","17":"taxable","18":"shipping-taxable","19":"product-type-simple"},"_links":{"self":[{"href":"https:\/\/toptanhediyekutu.com\/index.php?rest_route=\/wp\/v2\/product\/4737","targetHints":{"allow":["GET"]}}],"collection":[{"href":"https:\/\/toptanhediyekutu.com\/index.php?rest_route=\/wp\/v2\/product"}],"about":[{"href":"https:\/\/toptanhediyekutu.com\/index.php?rest_route=\/wp\/v2\/types\/product"}],"version-history":[{"count":4,"href":"https:\/\/toptanhediyekutu.com\/index.php?rest_route=\/wp\/v2\/product\/4737\/revisions"}],"predecessor-version":[{"id":7122,"href":"https:\/\/toptanhediyekutu.com\/index.php?rest_route=\/wp\/v2\/product\/4737\/revisions\/7122"}],"wp:featuredmedia":[{"embeddable":true,"href":"https:\/\/toptanhediyekutu.com\/index.php?rest_route=\/wp\/v2\/media\/4762"}],"wp:attachment":[{"href":"https:\/\/toptanhediyekutu.com\/index.php?rest_route=%2Fwp%2Fv2%2Fmedia&parent=4737"}],"wp:term":[{"taxonomy":"product_brand","embeddable":true,"href":"https:\/\/toptanhediyekutu.com\/index.php?rest_route=%2Fwp%2Fv2%2Fproduct_brand&post=4737"},{"taxonomy":"product_cat","embeddable":true,"href":"https:\/\/toptanhediyekutu.com\/index.php?rest_route=%2Fwp%2Fv2%2Fproduct_cat&post=4737"},{"taxonomy":"product_tag","embeddable":true,"href":"https:\/\/toptanhediyekutu.com\/index.php?rest_route=%2Fwp%2Fv2%2Fproduct_tag&post=4737"}],"curies":[{"name":"wp","href":"https:\/\/api.w.org\/{rel}","templated":true}]}}