{"id":4154,"date":"2023-01-19T02:28:51","date_gmt":"2023-01-18T23:28:51","guid":{"rendered":"https:\/\/lavenderblush-sheep-125930.hostingersite.com\/?post_type=product&#038;p=4154"},"modified":"2026-03-11T16:46:48","modified_gmt":"2026-03-11T13:46:48","slug":"hediye-kutu-atolyesi","status":"publish","type":"product","link":"https:\/\/toptanhediyekutu.com\/?product=hediye-kutu-atolyesi","title":{"rendered":"Hediye Kutu Ebat :25\/18\/10 cm"},"content":{"rendered":"<p>Hediye Kutu Ebat :25\/18\/10 cm<\/p>\n<p>Hediye Kutusunun Bo\u015f Ag\u0131rl\u0131kg\u0131 : 290 GR<\/p>\n<p class=\"p2\"><span class=\"s1\">Magzan\u0131zda Hediyelik E\u015fyalar\u0131n\u0131z\u0131 M\u00fc\u015fterilerinize \u00d6zel Hediye Kutular\u0131 \u0130le Sunmak \u0130stermisiniz <\/span><\/p>\n<p class=\"p2\"><span class=\"s1\">Hediye Kutu At\u00f6lyeniz Farkl\u0131 Projelerinizde \u00dcr\u00fcnlerinizin Sunumununa Deger \u00dcst\u00fcne Deger Katman\u0131z\u0131 Saglayabiliriz<\/span><\/p>\n<p class=\"p2\"><span class=\"s1\">Elbette Size \u00d6zel Hediye Projelerinize Sizin Belirlediginiz Ebatlarda Sizin \u0130stediginiz Renklerde Hediye Kutusu \u00dcRETEL\u0130M M\u0130<\/span><\/p>\n<p class=\"p2\"><span class=\"s1\">Elbette 150 Adet Ve \u00dczeri Al\u0131mlarda Logo Bask\u0131l\u0131 \u00fcretim yap\u0131lmaktad\u0131r<\/span><\/p>\n<p class=\"p2\"><span class=\"s1\">vE\u00a0Bask\u0131l\u0131 Fiyat Fatih Kayadan \u00d6grenebilirsiniz <\/span><\/p>\n<p class=\"p2\"><span class=\"s1\">Bu \u00dcR\u00dcN\u00dcM\u00dcZDEN 100 ADET VE \u00dcZER\u0130 ALINACAK \u0130SE Fatih Kaydan<span class=\"Apple-converted-space\">\u00a0 <\/span>\u0130ND\u0130R\u0130ML\u0130 F\u0130YAT TALEP ETMELISINIZ<\/span><\/p>\n<p>Elbette Size \u00d6zel Hediye Projelerinize Sizin Belirlediginiz Ebatlarda Sizin \u0130stediginiz Renklerde Hediye Kutusu \u00dcRETEL\u0130M M\u0130<\/p>\n<p>Kullan\u0131lan Malzeme : 1.8 MM L\u00fcx Sert Kal\u0131n Mukavva \u00dczeri Taslama Usul\u00fc \u00dczeri L\u00fcx Fantazi Kag\u0131t S\u0131vama Kaplama )<\/p>\n<p>(Tamam\u0131 \u0130le Yerli \u00dcretim : Madde \u0130n T\u00fcrkiye )<\/p>\n<p>NOT 1 : En H\u0131zl\u0131 Satan Modellerden Stok Olab\u0131l\u0131r Bilgi Almal\u0131s\u0131n\u0131z<\/p>\n<p>NOT 2 : Size \u00d6zel Ebatlarda Da Hediye Kutu \u00dcretelim mi ?<\/p>\n<p>Site \u00dczerinden Sipari\u015f Verilmiyor<\/p>\n<p>Sipari\u015fleriniz Fatih Kaya \u0130le WhatsApp Tan Online Bilgi Alab\u0131l\u0131rs\u0131n\u0131z<\/p>\n<p>Farkl\u0131 Projelerinizde Kullanmak \u0130steyeceg\u0131n\u0131z \u00d6zel L\u00fcx Hediye Kutular\u0131<br \/>\n\u2014\u2014\u2014\u2014\u2014\u2014\u2014\u2014\u2014\u2014\u2014\u2014-<\/p>\n","protected":false},"excerpt":{"rendered":"<p>Hediye Kutu Ebat :25\/18\/10 cm Hediye Kutusunun Bo\u015f Ag\u0131rl\u0131kg\u0131 : 290 GR Magzan\u0131zda Hediyelik E\u015fyalar\u0131n\u0131z\u0131 M\u00fc\u015fterilerinize \u00d6zel Hediye Kutular\u0131 \u0130le Sunmak \u0130stermisiniz Hediye Kutu At\u00f6lyeniz Farkl\u0131 Projelerinizde \u00dcr\u00fcnlerinizin Sunumununa Deger [&hellip;]<\/p>\n","protected":false},"featured_media":4155,"template":"","meta":{"_joinchat":[]},"product_brand":[],"product_cat":[594],"product_tag":[141,137,144,142,138,139,140,143],"class_list":{"0":"post-4154","1":"product","2":"type-product","3":"status-publish","4":"has-post-thumbnail","6":"product_cat-dikdortgen-hediye-kutulari","7":"product_tag-anneler-gunu-hediyesi-fikirleri","8":"product_tag-babaya-hediye","9":"product_tag-dogum-gunu-hediyesi-kadin","10":"product_tag-erkege-alinacak-hediyeler","11":"product_tag-erkek-sevgiliye-dogum-gunu-hediyesi","12":"product_tag-ilginc-hediyeler","13":"product_tag-ofis-hediyeleri","14":"product_tag-sevgiliye-hediye-bayan","16":"first","17":"instock","18":"taxable","19":"shipping-taxable","20":"product-type-simple"},"_links":{"self":[{"href":"https:\/\/toptanhediyekutu.com\/index.php?rest_route=\/wp\/v2\/product\/4154","targetHints":{"allow":["GET"]}}],"collection":[{"href":"https:\/\/toptanhediyekutu.com\/index.php?rest_route=\/wp\/v2\/product"}],"about":[{"href":"https:\/\/toptanhediyekutu.com\/index.php?rest_route=\/wp\/v2\/types\/product"}],"version-history":[{"count":3,"href":"https:\/\/toptanhediyekutu.com\/index.php?rest_route=\/wp\/v2\/product\/4154\/revisions"}],"predecessor-version":[{"id":6463,"href":"https:\/\/toptanhediyekutu.com\/index.php?rest_route=\/wp\/v2\/product\/4154\/revisions\/6463"}],"wp:featuredmedia":[{"embeddable":true,"href":"https:\/\/toptanhediyekutu.com\/index.php?rest_route=\/wp\/v2\/media\/4155"}],"wp:attachment":[{"href":"https:\/\/toptanhediyekutu.com\/index.php?rest_route=%2Fwp%2Fv2%2Fmedia&parent=4154"}],"wp:term":[{"taxonomy":"product_brand","embeddable":true,"href":"https:\/\/toptanhediyekutu.com\/index.php?rest_route=%2Fwp%2Fv2%2Fproduct_brand&post=4154"},{"taxonomy":"product_cat","embeddable":true,"href":"https:\/\/toptanhediyekutu.com\/index.php?rest_route=%2Fwp%2Fv2%2Fproduct_cat&post=4154"},{"taxonomy":"product_tag","embeddable":true,"href":"https:\/\/toptanhediyekutu.com\/index.php?rest_route=%2Fwp%2Fv2%2Fproduct_tag&post=4154"}],"curies":[{"name":"wp","href":"https:\/\/api.w.org\/{rel}","templated":true}]}}