{"id":4139,"date":"2023-01-19T01:32:27","date_gmt":"2023-01-18T22:32:27","guid":{"rendered":"https:\/\/lavenderblush-sheep-125930.hostingersite.com\/?post_type=product&#038;p=4139"},"modified":"2026-04-10T23:07:11","modified_gmt":"2026-04-10T20:07:11","slug":"hediye-kutu-ebat-22-15-8-cm-2","status":"publish","type":"product","link":"https:\/\/toptanhediyekutu.com\/?product=hediye-kutu-ebat-22-15-8-cm-2","title":{"rendered":"Hediye Kutusu Ebat :22\/15\/8 cm"},"content":{"rendered":"<p>Hediye Kutu Ebat :22\/15\/8 cm<\/p>\n<p>Hediye Kutusunun Bo\u015f Ag\u0131rl\u0131kg\u0131 : 240 GR<\/p>\n<p>Hediyelere G\u00fczellik Katan Hediye Kutular\u0131<\/p>\n<p>Hediye Kutu \u0130le Hediyelerinizi \u00d6zelle\u015ftirin<\/p>\n<p>Hediye Kutusu \u0130le Hediyesini G\u00fczelle\u015ftir<\/p>\n<p>Hediyelere G\u00fczellik Katan Hediye Kutular\u0131<\/p>\n<p>Yada Farkl\u0131 Hediyelerinizde Kullanabilirsiniz<\/p>\n<p>Hediyesini \u00d6zel Hediye Kutular\u0131ndan Sunmaya Ne Dersiniz<\/p>\n<p>Biz Sunumunuza Deger \u00dcst\u00fcne Deger Katman\u0131z\u0131 Saglayabiliriz<\/p>\n<p>Elbette Size \u00d6zel Hediye Projelerinize Sizin Belirlediginiz Ebatlarda Sizin \u0130stediginiz Renklerde Hediye Kutusu \u00dcRETEL\u0130M M\u0130<\/p>\n<p>Kullan\u0131lan Malzeme : 2 MM L\u00fcx Sert Kal\u0131n Mukavva \u00dczeri Taslama Usul\u00fc \u00dczeri L\u00fcx Fantazi Kag\u0131t S\u0131vama Kaplama )<\/p>\n<p>(Tamam\u0131 \u0130le Yerli \u00dcretim : Madde \u0130n T\u00fcrkiye )<\/p>\n<p>NOT 1 : En H\u0131zl\u0131 Satan Modellerden Stok Olab\u0131l\u0131r Bilgi Almal\u0131s\u0131n\u0131z<\/p>\n<p>NOT 2 : Size \u00d6zel Ebatlarda Da Hediye Kutu \u00dcretelim mi ?<\/p>\n<p>Site \u00dczerinden Sipari\u015f Verilmiyor<\/p>\n<p>Sipari\u015fleriniz Fatih Kaya \u0130le WhatsApp Tan Online Bilgi Alab\u0131l\u0131rs\u0131n\u0131z<\/p>\n<p>Farkl\u0131 Projelerinizde Kullanmak \u0130steyeceg\u0131n\u0131z \u00d6zel L\u00fcx Hediye Kutular\u0131<br \/>\n\u2014\u2014\u2014\u2014\u2014\u2014\u2014\u2014\u2014\u2014\u2014\u2014-<\/p>\n","protected":false},"excerpt":{"rendered":"<p>https:\/\/youtube.com\/shorts\/TOKPGV1LIK4?feature=share<\/p>\n","protected":false},"featured_media":4137,"template":"","meta":{"_joinchat":[]},"product_brand":[],"product_cat":[594],"product_tag":[83,74,76,78,77,75,79,94,95],"class_list":{"0":"post-4139","1":"product","2":"type-product","3":"status-publish","4":"has-post-thumbnail","6":"product_cat-dikdortgen-hediye-kutulari","7":"product_tag-hediye-kutulari","8":"product_tag-toptan-hediye","9":"product_tag-toptan-hediye-kutu","10":"product_tag-toptan-hediye-kutulari","11":"product_tag-toptan-hediye-kutusu","12":"product_tag-toptan-hediyelik","13":"product_tag-toptan-hediyelik-esya","14":"product_tag-toptan-hediyelik-esya-kutusu","15":"product_tag-yilbasi-hediyesi-fikirleri-erkek","17":"first","18":"outofstock","19":"taxable","20":"shipping-taxable","21":"product-type-simple"},"_links":{"self":[{"href":"https:\/\/toptanhediyekutu.com\/index.php?rest_route=\/wp\/v2\/product\/4139","targetHints":{"allow":["GET"]}}],"collection":[{"href":"https:\/\/toptanhediyekutu.com\/index.php?rest_route=\/wp\/v2\/product"}],"about":[{"href":"https:\/\/toptanhediyekutu.com\/index.php?rest_route=\/wp\/v2\/types\/product"}],"version-history":[{"count":2,"href":"https:\/\/toptanhediyekutu.com\/index.php?rest_route=\/wp\/v2\/product\/4139\/revisions"}],"predecessor-version":[{"id":6479,"href":"https:\/\/toptanhediyekutu.com\/index.php?rest_route=\/wp\/v2\/product\/4139\/revisions\/6479"}],"wp:featuredmedia":[{"embeddable":true,"href":"https:\/\/toptanhediyekutu.com\/index.php?rest_route=\/wp\/v2\/media\/4137"}],"wp:attachment":[{"href":"https:\/\/toptanhediyekutu.com\/index.php?rest_route=%2Fwp%2Fv2%2Fmedia&parent=4139"}],"wp:term":[{"taxonomy":"product_brand","embeddable":true,"href":"https:\/\/toptanhediyekutu.com\/index.php?rest_route=%2Fwp%2Fv2%2Fproduct_brand&post=4139"},{"taxonomy":"product_cat","embeddable":true,"href":"https:\/\/toptanhediyekutu.com\/index.php?rest_route=%2Fwp%2Fv2%2Fproduct_cat&post=4139"},{"taxonomy":"product_tag","embeddable":true,"href":"https:\/\/toptanhediyekutu.com\/index.php?rest_route=%2Fwp%2Fv2%2Fproduct_tag&post=4139"}],"curies":[{"name":"wp","href":"https:\/\/api.w.org\/{rel}","templated":true}]}}